q = t + -48. Let c = q - -48. Calculate the highest common factor of 82 and c.
41
Suppose -4*f - 16 = -8. Let t(j) = -5*j + 2. Let w be t(f). Let r = w + 0. What is the highest common divisor of r and 24?
12
Let x = 8340 - 7155. Calculate the greatest common divisor of 45 and x.
15
Let n(i) be the third derivative of -i**5/4 + i**4/3 - 5*i**3/2 + 14*i**2. Let y be n(-5). Let h = -187 - y. Calculate the highest common divisor of h and 27.
27
Suppose -7*z + 12*z + 5*i - 15 = 0, 5*i = -2*z + 15. Suppose z = -6*u + 129 + 399. Calculate the greatest common divisor of 24 and u.
8
Let q(h) = 2*h**3 + 3*h**2 - 2*h + 1. Let j be q(1). Suppose -3*x + 68 = j*z - 7*x, 2*z - 36 = x. Calculate the highest common factor of z and 38.
19
Let y(x) = 2*x**2 - x + 1. Let s be y(5). Suppose 113 = -12*j + 231 - 46. Suppose s - 4 = j*q. Calculate the greatest common divisor of q and 49.
7
Let b(z) = -3*z**3 - 20*z**2 - 20*z - 12. Let a be b(-6). What is the greatest common factor of 2676 and a?
12
Let c(z) = 125*z - 413. Let a be c(36). Calculate the highest common factor of a and 61.
61
Let u(b) = 256*b - 592. Let k be u(4). What is the highest common factor of 162 and k?
54
Let y be ((-2)/(-4) - (-171)/38) + 1. Suppose 30*d = 1075 - 85. What is the greatest common factor of y and d?
3
Let b be (21/14)/(3/(-8)*-1). Let n(c) be the first derivative of 5*c**3 - 5*c**2/2 + 32*c - 12. Let h be n(b). What is the greatest common divisor of h and 36?
36
Suppose -5*n = -317 - 883. Let u(l) = -16*l + 12. Let y be u(-6). Let o = 204 - y. What is the greatest common divisor of n and o?
48
Let u = -37 - -182. Let y be 40/380 - 3302/(-38). Calculate the greatest common factor of y and u.
29
Let g be 6/(12/70) - 0. Suppose -s + 0*s = 189. Let o = g - s. What is the greatest common factor of o and 14?
14
Let j be ((-165)/(-2))/((-35)/(-84)). Calculate the highest common divisor of 342 and j.
18
Let b(h) = -h + 18. Let w be b(0). Suppose 0 = -6*t - 0*t - w. Let o be 3 - -1 - (3 + t + -3). Calculate the greatest common factor of 91 and o.
7
Let y(x) = 4*x**2 + 9*x - 10. Let v be y(-9). Suppose 231*j = v*j - 88. Calculate the greatest common factor of j and 8.
4
Let r be (252/8)/(3/8). Suppose 9 - 25 = -8*q. Suppose 0 = 3*x - q*u - 70, -4*x - 2*u + 80 = -18. What is the highest common factor of r and x?
12
Suppose 0 = 105*y + 127*y - 23200. What is the highest common factor of 8720 and y?
20
Suppose 0 = 4*i - 2*u - 38, i + 0 - 2 = 3*u. Suppose 0 = g + 5*l - 19, -5*l = i + 14. What is the highest common divisor of 198 and g?
22
Suppose -160*n + 432 = 154*n - 296*n. Calculate the highest common divisor of 5480 and n.
8
Suppose 15*m + 8*m = 184. Suppose 1022 = m*l - 642. Calculate the greatest common factor of 16 and l.
16
Suppose -k + 18*g + 2 = 24*g, -2*k = -g - 4. Calculate the greatest common divisor of 5540 and k.
2
Suppose -3*r + 57 = 2*i, 4*i - 118 = -0*r - 2*r. Suppose 5*d = -3*c + 10, 0 = 3*d + i*c - 32*c - 6. Calculate the greatest common factor of d and 16.
2
Let v(z) = -4263*z - 7. Let n be v(-2). What is the greatest common factor of 21 and n?
7
Suppose -5*p + 5*l = -118 - 47, -4*p - 5*l + 168 = 0. Let t(i) = 5*i - 18. Let k be t(11). What is the greatest common divisor of k and p?
37
Suppose 0 = 8*t + 58*t - 1197 - 1047. Calculate the highest common divisor of t and 2176.
34
Let r(u) = -u + 1. Let v be r(4). Let y be (-24)/v + 9/((-36)/(-8)). Let h be 2139/15 + 4/y. What is the highest common factor of h and 13?
13
Suppose -130 = -10*q + 30. Suppose s - 16 - q = 0. What is the greatest common divisor of s and 288?
32
Let h(t) = -113*t - 1819. Let w be h(-23). What is the highest common factor of w and 132?
12
Suppose 108786 = -818*x + 326374. Calculate the greatest common factor of 602 and x.
14
Suppose 13*k - 1644 = 16452. Calculate the greatest common factor of 96 and k.
48
Let n be (2/2 - -2)*(-26)/(-39). Suppose n*c - 502 = -w - 99, 0 = -c + 3*w + 191. What is the highest common divisor of 40 and c?
40
Suppose -4*d = 16, 2*z - 5*z - 4*d = -719. Let h = z - 205. Calculate the highest common divisor of 320 and h.
40
Let c = -34 - -35. Let r = 6 - c. Suppose -5*g - y = -773, 311 = -r*g + 7*g + y. Calculate the greatest common factor of g and 14.
14
Let x = 7828 + -7063. What is the greatest common divisor of 3485 and x?
85
Suppose 141 + 144 = 50*n + 35. Let z be 1 - 42*-1*2. What is the highest common factor of n and z?
5
Let m = -3015 + 3357. What is the highest common divisor of 6 and m?
6
Let x(c) = c**2 + 84*c - 4120. Let z be x(44). What is the highest common factor of 192 and z?
24
Suppose -759*g = -711*g - 5568. What is the greatest common divisor of g and 280?
4
Let j(h) = h**3 + 6*h**2 - 6*h + 2. Let t be j(5). Suppose 255*x - 48 = t*x. What is the greatest common factor of x and 24?
6
Let b(d) = -9*d - 54. Let j(x) = -3*x - 18. Let r(u) = -2*b(u) + 7*j(u). Let h be 1/(65/35 - 2). Let o be r(h). What is the highest common factor of 33 and o?
3
Suppose 5*x - 728 = x. Let g = -28420 - -28448. What is the highest common divisor of x and g?
14
Suppose -1105 - 1317 = -14*d. What is the greatest common factor of d and 5017?
173
Suppose z - 2*m = 34, -134 = -2*z - z - 2*m. Suppose 185 = 3*i + 2*o - 130, -4*o = 0. What is the greatest common divisor of z and i?
21
Let c(f) = 181*f - 62. Let o be c(1). What is the highest common factor of 493 and o?
17
Let u = 1645 + -1588. Calculate the highest common factor of u and 2451.
57
Let k = 47 - 8. Let d be (-12)/(((-52)/1352)/((-1)/16*-4)). What is the greatest common divisor of k and d?
39
Suppose 0 = 12*k - 28*k + 80. Suppose -k*x = 3*j - 30, -x = -7*j + 2*j - 6. Calculate the greatest common divisor of 21 and x.
3
Let u be 6 - ((-8)/(-2) + 0). Let i be (-1 + u)*(12 - -908). Suppose 0 = 8*v - 13*v + i. Calculate the greatest common divisor of v and 23.
23
Suppose 14*b = 82*b + 3*b - 1251659. Calculate the greatest common divisor of b and 61.
61
Let x(j) = 2*j - 19. Let q be x(0). Let v = q + 34. Suppose -4*m - 4*o + 8*o + 32 = 0, -4 = m + 3*o. Calculate the highest common factor of m and v.
5
Suppose -10*i + 988 = -352. Suppose -9*m + i = 116. Calculate the highest common divisor of m and 36.
2
Let s = -10 - -24. Suppose -42*r + 2146 = -0*r - 2558. Calculate the greatest common divisor of s and r.
14
Suppose 0 = 7*s + 2*s - 513. Let r(q) = 35 - 56*q + s*q + 0. Let v be r(-15). Calculate the highest common factor of v and 10.
10
Let z be (82/5)/(3 - 596/200). Suppose -2*s + 12 = -z. Calculate the highest common factor of 26 and s.
26
Let o(s) = 123*s**2 + 7*s - 30. Let r be o(5). Calculate the highest common divisor of r and 105.
35
Let h(p) = -p - 5. Let y be h(-10). Suppose y + 64 = 3*d. Calculate the highest common divisor of 1219 and d.
23
Let n be (-3)/(-18) - 129/18. Let l(w) = -w**2 - 10*w - 5. Let j be l(n). Suppose 44*u - 56*u + 192 = 0. Calculate the highest common divisor of j and u.
16
Let h = -83 - -88. Suppose -3*q - 13 = -3*w - 7, h*w = 2*q + 7. Calculate the highest common factor of 1 and w.
1
Suppose 3*c = 4*q + 4, -3*c + 2 = -c - 3*q. Suppose 0 = -c*f - 4*y + 70 + 6, f - 2*y = 25. Let x = 24 + f. Calculate the highest common factor of x and 18.
9
Let c(a) = 5*a**2 + 9*a + 8. Let g be c(-1). Suppose 2*p - 605 = 5*t, -g*p + 3*t = -1126 - 77. Calculate the highest common divisor of p and 90.
30
Suppose 2*z = i - 11 - 7, -2*z + 4 = 0. Let r = i + -12. Suppose -5*a - 24 = -4*j, -j + 1 + 5 = 3*a. What is the highest common factor of r and j?
2
Let d = -34 + 31. Let h be -1 + (-1)/d - (-392)/12. Let v be ((-9)/6)/((-3)/h). What is the highest common factor of 56 and v?
8
Let o be (-14 + 18)/((-3)/234). Let a = -147 - o. What is the highest common divisor of 15 and a?
15
Suppose 0 = 3*y + 8046 - 8073. Let q = 1438 + -947. Suppose 2*l - 5*w + 82 = 260, -w - q = -5*l. Calculate the greatest common factor of l and y.
9
Let w(t) = t**3 - t**2 + t + 3. Let f be w(3). Suppose 16*z = 17*z - f. Calculate the highest common factor of z and 8.
8
Suppose -q + 4 = o - 50, -168 = -3*q - 2*o. What is the greatest common factor of 980 and q?
20
Let v(l) = -2*l**3 + 78*l**2 - 23*l + 7. Let x be v(38). Calculate the highest common divisor of 188 and x.
47
Let f(k) = 118*k**2 - 2*k. Let w be f(-1). Calculate the highest common 